{"id":1082,"date":"2021-09-06T09:27:54","date_gmt":"2021-09-06T08:27:54","guid":{"rendered":"http:\/\/www.le-masque.com\/wp2\/?page_id=1082"},"modified":"2022-08-15T09:08:53","modified_gmt":"2022-08-15T08:08:53","slug":"saison-2021-22","status":"publish","type":"page","link":"http:\/\/www.le-masque.com\/wp2\/saison-2019-2020\/saison-2021-22\/","title":{"rendered":"Saison 2021-22"},"content":{"rendered":"<h3 class=\"rouge\">Dimanche 5 septembre 2021 \u00e0 17h<\/h3>\n<h4 class=\"bordeaux\">Dialogue insolite<\/h4>\n<p>J.S. Bach et la musique fran\u00e7aise<\/p>\n<p>Marc Hervieux, fl\u00fbte \u00e0 bec<br \/>\nBogdan Nesterenko, accord\u00e9on de concert<\/p>\n<h3 class=\"rouge\">Samedi 11 septembre 2021<br \/>\u00e0 Ecouche les Vall\u00e9es (en Normandie)<\/h3>\n<h4 class=\"bordeaux\">Dialogue insolite<\/h4>\n<p>Autour de J.S. Bach et G.F. Haendel<\/p>\n<p>Marc Hervieux, fl\u00fbte \u00e0 bec<br \/>\nBogdan Nesterenko, accord\u00e9on de concert<\/p>\n<h3 class=\"rouge\" style=\"margin-bottom:10px\">Dimanche 19 septembre \u00e0 16h<br \/>Temple du Climont-Urbeis (67)<\/h3>\n<h3 class=\"rouge\" style=\"margin-bottom:10px\">Samedi 25 septembre \u00e0 18h30<br \/>\u00c9glise fortifi\u00e9e de Servion (08)<\/h3>\n<h3 class=\"rouge\" style=\"margin-bottom:10px\">Dimanche 26 septembre \u00e0 17h<br \/>\u00c9glise de Secheval (08)<\/h3>\n<h4 class=\"bordeaux\">Le Concert des Oiseaux<\/h4>\n<p>Marc Hervieux, fl\u00fbte \u00e0 bec<\/p>\n<h3 class=\"rouge\" style=\"margin-bottom:10px\">Samedi 16 octobre \u00e0 20h<br \/>\u00e9glise protestante de S\u00e9lestat<\/h3>\n<h3 class=\"rouge\" style=\"margin-bottom:10px\">Dimanche 17 octobre \u00e0 17h<br \/>\u00e9glise Ste-Marie de Mulhouse<\/h3>\n<h4 class=\"bordeaux\">Un concert dans le Go\u00fbt italien<\/h4>\n<p>Marc Hervieux, fl\u00fbte \u00e0 bec<br \/>\nBruno Soucaille, clavecin<\/p>\n<h3 class=\"rouge\">Dimanche 14 novembre 2021 \u00e0 17h<\/h3>\n<h4 class=\"bordeaux\">Le rossignol et le Roi<\/h4>\n<p>Musiques et danses baroques c\u00e9l\u00e9brant les oiseaux,<br \/>\nadapt\u00e9 d&rsquo;un conte de H.C. Andersen<\/p>\n<p>Isabel Devaux, danse baroque<br \/>\nMarc Hervieux, fl\u00fbte \u00e0 bec<\/p>\n<h3 class=\"rouge\">Dimanche 21 novembre 2021 \u00e0 17h<br \/>Temple de Sarre-Union<\/h3>\n<h4 class=\"bordeaux\">Dialogue insolite : Johann Sebastian Bach et la musique fran\u00e7aise<\/h4>\n<p>Marc Hervieux, fl\u00fbte \u00e0 bec<br \/>\nBogdan Nesterenko, accord\u00e9on<\/p>\n<h3 class=\"rouge\">Dimanche 27 f\u00e9vrier 2022 \u00e0 11h<br \/> \u00e0 Strasbourg, salle du Synode du Palais Rohan<\/h3>\n<p>Dans le cadre d&rsquo;une conf\u00e9rence autour des femmes<br \/>\nqui ont marqu\u00e9 l&rsquo;histoire du Palais Rohan<\/p>\n<h4 class=\"bordeaux\">Sonates d&rsquo;\u00c9lisabeth Jacquet de la Guerre<\/h4>\n<p>Marc Hervieux, fl\u00fbte \u00e0 bec<br \/>\nEva Valtova, clavecin<\/p>\n<h3 class=\"rouge\">Vendredi 5 mars 2022<br \/>Saison de l&rsquo;Illiade d&rsquo;Illkirch<\/h3>\n<h4 class=\"bordeaux\">Mi palpita il cor<\/h4>\n<p>Cantates et sonates de GF Haendel<\/p>\n<p>Fr\u00e9d\u00e9ric Schwab, contre-t\u00e9nor<br \/>\nMarc Hervieux, fl\u00fbte \u00e0 bec<br \/>\nEmma Errera, violon baroque<br \/>\nMurielle Pfister, violon baroque<br \/>\nJean-S\u00e9bastien Kuhnel, th\u00e9orbe<br \/>\nKevin Bourdat, violoncelle baroque<br \/>\nEva Valtova, clavecin<\/p>\n<h3 class=\"rouge\">Dimanche 27 mars 2022 \u00e0 17h<\/h3>\n<h4 class=\"bordeaux\">Un fran\u00e7ais \u00e0 Londres<\/h4>\n<p>Suites de Charles Dieupart<\/p>\n<p>Marc Hervieux, fl\u00fbte \u00e0 bec<br \/>\nClaire Gautrot, viole de gambe<br \/>\nMartin Gester, clavecin<\/p>\n<h3 class=\"rouge\">Dimanche 1er mai 2022 \u00e0 17h<br \/>Abbatiale d\u2019Ebersmunster<\/h3>\n<h4 class=\"bordeaux\">Musiques baroques pour l\u2019Ukraine<\/h4>\n<p>Marc Hervieux et Bogdan Nesterenko \u00e0 l\u2019accord\u00e9on de concert se retrouvent r\u00e9unis \u00e0 Ebersmunster dans un programme de Sonates et de Suites allemandes, anglaises et fran\u00e7aises.<br \/>\nLe plateau est vers\u00e9 int\u00e9gralement \u00e0 l\u2019Aide m\u00e9dicale caritative France-Ukraine.<\/p>\n<h3 class=\"rouge\">Samedi 14 mai<br \/>Nuit des Mus\u00e9es au Palais Rohan de Strasbourg.<\/h3>\n<h4 class=\"bordeaux\">Autour du conte d&rsquo;Andersen<br \/><em>Le Rossignol et l&rsquo;Empereur<\/em><\/h4>\n<p>Isabel Devaux, danse baroque<br \/>\nJimmy Patouillard com\u00e9dien<br \/>\nMarc Hervieux, fl\u00fbte \u00e0 bec<\/p>\n<h3 class=\"rouge\">Dimanche 22 mai 2022 \u00e0 17h<br \/>\u00e9glise St-Pierre-le-Vieux<\/h3>\n<h4 class=\"bordeaux\">Les Jours heureux<\/h4>\n<p>Suites fran\u00e7aises de J.M. Hotteterre, F. Couperin<\/p>\n<p>Marc Hervieux, fl\u00fbte \u00e0 bec<br \/>\nKevin Bourdat, viole de gambe<br \/>\nYuki Mizutani, clavecin<\/p>\n<h3 class=\"rouge\">Dimanche 12 juin 2022 \u00e0 17h<br \/>\u00e9glise St-Pierre-le-Vieux<\/h3>\n<h4 class=\"bordeaux\">Sweet Passion<br \/>autour du <em>Fairy Queen<\/em> de Henry Purcell<\/h4>\n<p>Emma Gutierrez, soprano<br \/>\nClaire Secordel et Marc Hervieux, fl\u00fbte \u00e0 bec<br \/>\nKevin Bourdat, viole de gambe<br \/>\nEva Valtov\u00e1, clavecin<\/p>\n","protected":false},"excerpt":{"rendered":"<p>Dimanche 5 septembre 2021 \u00e0 17h Dialogue insolite J.S. Bach et la musique fran\u00e7aise Marc Hervieux, fl\u00fbte \u00e0 bec Bogdan Nesterenko, accord\u00e9on de concert Samedi 11 septembre 2021\u00e0 Ecouche les Vall\u00e9es (en Normandie) Dialogue insolite Autour de J.S. Bach et G.F. Haendel Marc Hervieux, fl\u00fbte \u00e0 bec Bogdan Nesterenko, accord\u00e9on de concert Dimanche 19 septembre [&hellip;]<\/p>\n","protected":false},"author":1,"featured_media":0,"parent":930,"menu_order":0,"comment_status":"closed","ping_status":"closed","template":"","meta":{"footnotes":""},"_links":{"self":[{"href":"http:\/\/www.le-masque.com\/wp2\/wp-json\/wp\/v2\/pages\/1082"}],"collection":[{"href":"http:\/\/www.le-masque.com\/wp2\/wp-json\/wp\/v2\/pages"}],"about":[{"href":"http:\/\/www.le-masque.com\/wp2\/wp-json\/wp\/v2\/types\/page"}],"author":[{"embeddable":true,"href":"http:\/\/www.le-masque.com\/wp2\/wp-json\/wp\/v2\/users\/1"}],"replies":[{"embeddable":true,"href":"http:\/\/www.le-masque.com\/wp2\/wp-json\/wp\/v2\/comments?post=1082"}],"version-history":[{"count":18,"href":"http:\/\/www.le-masque.com\/wp2\/wp-json\/wp\/v2\/pages\/1082\/revisions"}],"predecessor-version":[{"id":1165,"href":"http:\/\/www.le-masque.com\/wp2\/wp-json\/wp\/v2\/pages\/1082\/revisions\/1165"}],"up":[{"embeddable":true,"href":"http:\/\/www.le-masque.com\/wp2\/wp-json\/wp\/v2\/pages\/930"}],"wp:attachment":[{"href":"http:\/\/www.le-masque.com\/wp2\/wp-json\/wp\/v2\/media?parent=1082"}],"curies":[{"name":"wp","href":"https:\/\/api.w.org\/{rel}","templated":true}]}}