{"id":157,"date":"2016-01-05T08:02:21","date_gmt":"2016-01-05T07:02:21","guid":{"rendered":"http:\/\/www.le-masque.com\/wp2\/?page_id=157"},"modified":"2021-08-31T17:52:08","modified_gmt":"2021-08-31T16:52:08","slug":"presse","status":"publish","type":"page","link":"http:\/\/www.le-masque.com\/wp2\/medias\/presse\/","title":{"rendered":"Presse"},"content":{"rendered":"<h4>Acad\u00e9mie d&rsquo;\u00e9t\u00e9 2021<\/h4>\n<p><a href=\"http:\/\/www.le-masque.com\/wp2\/wp-content\/uploads\/2021\/08\/presse_acade\u0301mie_21.jpg\"><img loading=\"lazy\" decoding=\"async\" class=\"aligncenter size-full wp-image-1067\" src=\"http:\/\/www.le-masque.com\/wp2\/wp-content\/uploads\/2021\/08\/presse_acade\u0301mie_21.jpg\" alt=\"\" width=\"708\" height=\"1280\" srcset=\"http:\/\/www.le-masque.com\/wp2\/wp-content\/uploads\/2021\/08\/presse_acade\u0301mie_21.jpg 708w, http:\/\/www.le-masque.com\/wp2\/wp-content\/uploads\/2021\/08\/presse_acade\u0301mie_21-166x300.jpg 166w, http:\/\/www.le-masque.com\/wp2\/wp-content\/uploads\/2021\/08\/presse_acade\u0301mie_21-566x1024.jpg 566w\" sizes=\"(max-width: 708px) 100vw, 708px\" \/><\/a><\/p>\n<p class=\"c7\" style=\"text-align: left;\"><strong>Rencontres baroques 2017:<\/strong><\/p>\n<p class=\"c7\" style=\"text-align: center;\"><img loading=\"lazy\" decoding=\"async\" class=\"aligncenter size-full wp-image-742\" src=\"http:\/\/www.le-masque.com\/wp2\/wp-content\/uploads\/2016\/01\/DNA-Rencontres-Baroques-2017.jpg\" alt=\"DNA Rencontres Baroques 2017\" width=\"709\" height=\"886\" srcset=\"http:\/\/www.le-masque.com\/wp2\/wp-content\/uploads\/2016\/01\/DNA-Rencontres-Baroques-2017.jpg 709w, http:\/\/www.le-masque.com\/wp2\/wp-content\/uploads\/2016\/01\/DNA-Rencontres-Baroques-2017-240x300.jpg 240w\" sizes=\"(max-width: 709px) 100vw, 709px\" \/><\/p>\n<hr \/>\n<p class=\"c7\" style=\"text-align: center;\"><img loading=\"lazy\" decoding=\"async\" class=\"aligncenter size-large wp-image-623\" src=\"http:\/\/www.le-masque.com\/wp2\/wp-content\/uploads\/2016\/10\/Fetes-italiennes_cr-731x1024.jpg\" alt=\"fetes-italiennes_cr\" width=\"640\" height=\"897\" srcset=\"http:\/\/www.le-masque.com\/wp2\/wp-content\/uploads\/2016\/10\/Fetes-italiennes_cr-731x1024.jpg 731w, http:\/\/www.le-masque.com\/wp2\/wp-content\/uploads\/2016\/10\/Fetes-italiennes_cr-214x300.jpg 214w, http:\/\/www.le-masque.com\/wp2\/wp-content\/uploads\/2016\/10\/Fetes-italiennes_cr.jpg 889w\" sizes=\"(max-width: 640px) 100vw, 640px\" \/><\/p>\n<hr \/>\n<p class=\"c7\" style=\"text-align: left;\"><strong>Rencontres Baroques 2016:<\/strong><\/p>\n<p class=\"c7\" style=\"text-align: center;\"><img loading=\"lazy\" decoding=\"async\" class=\"aligncenter size-full wp-image-569\" src=\"http:\/\/www.le-masque.com\/wp2\/wp-content\/uploads\/2016\/01\/image001.jpg\" alt=\"image001\" width=\"670\" height=\"392\" srcset=\"http:\/\/www.le-masque.com\/wp2\/wp-content\/uploads\/2016\/01\/image001.jpg 670w, http:\/\/www.le-masque.com\/wp2\/wp-content\/uploads\/2016\/01\/image001-300x176.jpg 300w\" sizes=\"(max-width: 670px) 100vw, 670px\" \/><\/p>\n<p style=\"text-align: justify;\">Le choix\u00a0a \u00e9t\u00e9 plus que judicieux. D\u00e8s les premi\u00e8res notes s\u2019imposait la qualit\u00e9 irr\u00e9prochable des trois instrumentistes, la plupart du temps appel\u00e9s \u00e0 jouer en trio. L\u2019\u00e9cole fran\u00e7aise \u00e9tait repr\u00e9sent\u00e9e par des \u0153uvres de J.M. Leclair donnant d\u2019embl\u00e9e le ton avec ses tr\u00e8s beaux dialogues, parfaitement \u00e9quilibr\u00e9s et une pratique virtuose, jamais prise en d\u00e9faut, des trois interpr\u00e8tes. La gambiste Franziska Finckh a fait vivre le prodigieux Marin Marais par un jeu subtil aux attaques d\u00e9licates.<\/p>\n<p style=\"text-align: justify;\">Dans le domaine allemand, la sonate en sol m de J.S. Bach a donn\u00e9 longuement la parole au traverso d\u2019\u00c9milie Pierrel : teintes chaudes, d\u00e9buts de phrases intimes et son fil\u00e9, diff\u00e9renciant l\u2019instrument de sa cousine la fl\u00fbte \u00e0 bec. Autre moment de gr\u00e2ce instrumentale, la toccata en r\u00e9 mineur du m\u00eame J.S. Bach au clavecin seul de Christine H\u00e9raud, \u00e2me et organisatrice locale de cette tr\u00e8s belle rencontre entre trois instrumentistes d\u2019exception qui ont su trouver leurs marques communes, apparemment tr\u00e8s naturellement.<\/p>\n<p style=\"text-align: justify;\">Toutes ces qualit\u00e9s r\u00e9unies sont d\u2019autant plus remarquables que (cela a \u00e9t\u00e9 fr\u00e9quemment signal\u00e9 tout au long des manifestations de l\u2019Acad\u00e9mie baroque) les instruments anciens d\u2019\u00e9poque ou copies d\u2019anciens sont extr\u00eamement sensibles aux variations climatiques et demandant un accord quasi permanent. C\u2019est aussi une belle le\u00e7on pour les auditeurs qui ne peuvent qu\u2019\u00eatre sensibles \u00e0 ce mariage entre l\u2019art et l\u2019artisanat. Une raison de plus de s\u2019int\u00e9resser \u00e0 la musique ancienne.<\/p>\n<p style=\"text-align: right;\"><em>(Derni\u00e8res Nouvelles d&rsquo;Alsace, 31 ao\u00fbt 2016)<\/em><\/p>\n<hr \/>\n<p class=\"c7\" style=\"text-align: center;\"><img loading=\"lazy\" decoding=\"async\" class=\"aligncenter size-full wp-image-565\" src=\"http:\/\/www.le-masque.com\/wp2\/wp-content\/uploads\/2016\/01\/Bouxwiller2016.jpg\" alt=\"Bouxwiller2016\" width=\"331\" height=\"1015\" srcset=\"http:\/\/www.le-masque.com\/wp2\/wp-content\/uploads\/2016\/01\/Bouxwiller2016.jpg 331w, http:\/\/www.le-masque.com\/wp2\/wp-content\/uploads\/2016\/01\/Bouxwiller2016-98x300.jpg 98w\" sizes=\"(max-width: 331px) 100vw, 331px\" \/><\/p>\n<hr \/>\n<p class=\"c7\" style=\"text-align: justify;\">\u00a0\u00bb Une belle complicit\u00e9 musicale, due \u00e0 un travail suivi, mais sans doute aussi au plaisir musical qui les r\u00e9unit\u2026 C&rsquo;est une grande chance de pouvoir, avec un tel ensemble, aborder des \u0153uvres suffisamment d\u00e9velopp\u00e9es pour entrer dans la logique de l&rsquo;\u00e9criture de grands compositeurs sans sacrifier \u00e0 des modes ou des facilit\u00e9s. Les tr\u00e8s nombreux auditeurs ont su appr\u00e9cier \u00e0 sa juste valeur ce concert d&rsquo;une beaut\u00e9 et d&rsquo;une diversit\u00e9 rafra\u00eechissante\u2026 \u00ab\u00a0<\/p>\n<p class=\"c8\" style=\"text-align: justify;\">LES DERNIERES NOUVELLES D&rsquo;ALSACE<\/p>\n<hr \/>\n<p class=\"c8\" style=\"text-align: center;\"><img loading=\"lazy\" decoding=\"async\" class=\"aligncenter size-full wp-image-168\" src=\"http:\/\/www.le-masque.com\/wp2\/wp-content\/uploads\/2016\/01\/2012-02-08.jpg\" alt=\"2012-02-08\" width=\"689\" height=\"1026\" srcset=\"http:\/\/www.le-masque.com\/wp2\/wp-content\/uploads\/2016\/01\/2012-02-08.jpg 689w, http:\/\/www.le-masque.com\/wp2\/wp-content\/uploads\/2016\/01\/2012-02-08-201x300.jpg 201w, http:\/\/www.le-masque.com\/wp2\/wp-content\/uploads\/2016\/01\/2012-02-08-688x1024.jpg 688w\" sizes=\"(max-width: 689px) 100vw, 689px\" \/><\/p>\n<hr \/>\n<p class=\"c7\" style=\"text-align: justify;\">\u00a0\u00bb \u2026Quatre instrumentistes et une danseuse font revivre des pages tr\u00e8s repr\u00e9sentatives de la fin du XVII\u00e8me si\u00e8cle et du d\u00e9but du XVIII\u00e8me, le tout plac\u00e9 sous le signe de l&rsquo;\u00e9l\u00e9gance. El\u00e9gance de la ligne m\u00e9lodique, \u00e9l\u00e9gance de l&rsquo;interpr\u00e9tation instrumentale et \u00e9l\u00e9gance du geste. La danseuse se d\u00e9place avec une gr\u00e2ce et une aisance discr\u00e8te qui l&rsquo;habitent \u00e0 chaque instant\u2026. \u00bb<\/p>\n<p class=\"c7\" style=\"text-align: justify;\">\u00ab Marc Hervieux sait, avec une autorit\u00e9 discr\u00e8te et soucieuse de qualit\u00e9, faire revivre et appr\u00e9cier ces pages qui ont su \u00e9mouvoir, charmer, faire rire, danser et pleurer la Cour Fran\u00e7aise et les salons des courtisants\u2026\u00a0\u00bb<\/p>\n<p class=\"c8\" style=\"text-align: justify;\">LES DERNIERES NOUVELLES D&rsquo;ALSACE<\/p>\n<hr \/>\n<p class=\"c8\" style=\"text-align: center;\"><img loading=\"lazy\" decoding=\"async\" class=\"aligncenter size-full wp-image-170\" src=\"http:\/\/www.le-masque.com\/wp2\/wp-content\/uploads\/2016\/01\/2011-09-06.jpg\" alt=\"Les Derni\u00e8res Nouvelles d'Alsace - Archives\" width=\"619\" height=\"960\" srcset=\"http:\/\/www.le-masque.com\/wp2\/wp-content\/uploads\/2016\/01\/2011-09-06.jpg 619w, http:\/\/www.le-masque.com\/wp2\/wp-content\/uploads\/2016\/01\/2011-09-06-193x300.jpg 193w\" sizes=\"(max-width: 619px) 100vw, 619px\" \/><\/p>\n<hr \/>\n<p class=\"c7\" style=\"text-align: justify;\">\u00ab\u00a0C&rsquo;est une musique \u00e0 la fois expressive et tr\u00e8s intimiste. Des contrastes agr\u00e9ables, tant du point de vue des instruments que des r\u00e9pertoires choisis. Une complicit\u00e9 savamment entretenue, un jeu d&rsquo;associations qui fait oublier toute lassitude, une pr\u00e9sence sur sc\u00e8ne inhabituelle dans ce genre de r\u00e9pertoire. Une grande puissance \u00e9motionnelle.\u00a0\u00bb<\/p>\n<p class=\"c7\" style=\"text-align: justify;\">LES DERNIERES NOUVELLES D&rsquo;ALSACE<\/p>\n<hr \/>\n<table class=\" aligncenter\">\n<tbody>\n<tr>\n<td><img loading=\"lazy\" decoding=\"async\" class=\"size-large wp-image-528\" src=\"http:\/\/www.le-masque.com\/wp2\/wp-content\/uploads\/2016\/01\/2015_01_09-Le-Masque-372x1024.jpg\" alt=\"2015_01_09-Le-Masque\" width=\"372\" height=\"1024\" srcset=\"http:\/\/www.le-masque.com\/wp2\/wp-content\/uploads\/2016\/01\/2015_01_09-Le-Masque-372x1024.jpg 372w, http:\/\/www.le-masque.com\/wp2\/wp-content\/uploads\/2016\/01\/2015_01_09-Le-Masque-109x300.jpg 109w, http:\/\/www.le-masque.com\/wp2\/wp-content\/uploads\/2016\/01\/2015_01_09-Le-Masque.jpg 600w\" sizes=\"(max-width: 372px) 100vw, 372px\" \/><\/td>\n<td style=\"width: 50%; text-align: center;\"><img loading=\"lazy\" decoding=\"async\" class=\"aligncenter size-large wp-image-529\" src=\"http:\/\/www.le-masque.com\/wp2\/wp-content\/uploads\/2016\/01\/2014-11-27-le-masque-251x1024.jpg\" alt=\"2014-11-27-le-masque\" width=\"251\" height=\"1024\" srcset=\"http:\/\/www.le-masque.com\/wp2\/wp-content\/uploads\/2016\/01\/2014-11-27-le-masque-251x1024.jpg 251w, http:\/\/www.le-masque.com\/wp2\/wp-content\/uploads\/2016\/01\/2014-11-27-le-masque.jpg 400w\" sizes=\"(max-width: 251px) 100vw, 251px\" \/><\/td>\n<\/tr>\n<\/tbody>\n<\/table>\n<hr \/>\n<p class=\"c7\" style=\"text-align: center;\"><img loading=\"lazy\" decoding=\"async\" class=\"aligncenter size-full wp-image-173\" src=\"http:\/\/www.le-masque.com\/wp2\/wp-content\/uploads\/2016\/01\/2005-08-25-1.jpg\" alt=\"Les Derni\u00e8res Nouvelles d'Alsace - Archives\" width=\"616\" height=\"1211\" srcset=\"http:\/\/www.le-masque.com\/wp2\/wp-content\/uploads\/2016\/01\/2005-08-25-1.jpg 616w, http:\/\/www.le-masque.com\/wp2\/wp-content\/uploads\/2016\/01\/2005-08-25-1-153x300.jpg 153w, http:\/\/www.le-masque.com\/wp2\/wp-content\/uploads\/2016\/01\/2005-08-25-1-521x1024.jpg 521w\" sizes=\"(max-width: 616px) 100vw, 616px\" \/><\/p>\n<hr \/>\n<p class=\"c7\" style=\"text-align: justify;\">\u00ab\u00a0\u2026 Le Masque qui sait si parfaitement \u00e9voquer, aussi bien les ambiances de cour que les d\u00e9cors de la vie populaire du temps jadis, a charm\u00e9 un public de connaisseurs ravis de se replonger, le temps d&rsquo;un concert, dans ce monde de beaut\u00e9 et d&rsquo;harmonie\u2026 \u00ab\u00a0<\/p>\n<p class=\"c7\" style=\"text-align: justify;\">LA REVUE DU LIBAN<\/p>\n<hr \/>\n<p class=\"c7\" style=\"text-align: center;\"><img loading=\"lazy\" decoding=\"async\" class=\"aligncenter size-large wp-image-271\" src=\"http:\/\/www.le-masque.com\/wp2\/wp-content\/uploads\/2016\/01\/20150822_100314-e1452376547910-411x1024.jpg\" alt=\"20150822_100314\" width=\"411\" height=\"1024\" srcset=\"http:\/\/www.le-masque.com\/wp2\/wp-content\/uploads\/2016\/01\/20150822_100314-e1452376547910-411x1024.jpg 411w, http:\/\/www.le-masque.com\/wp2\/wp-content\/uploads\/2016\/01\/20150822_100314-e1452376547910-120x300.jpg 120w, http:\/\/www.le-masque.com\/wp2\/wp-content\/uploads\/2016\/01\/20150822_100314-e1452376547910.jpg 747w\" sizes=\"(max-width: 411px) 100vw, 411px\" \/><\/p>\n","protected":false},"excerpt":{"rendered":"<p>Acad\u00e9mie d&rsquo;\u00e9t\u00e9 2021 Rencontres baroques 2017: Rencontres Baroques 2016: Le choix\u00a0a \u00e9t\u00e9 plus que judicieux. D\u00e8s les premi\u00e8res notes s\u2019imposait la qualit\u00e9 irr\u00e9prochable des trois instrumentistes, la plupart du temps appel\u00e9s \u00e0 jouer en trio. L\u2019\u00e9cole fran\u00e7aise \u00e9tait repr\u00e9sent\u00e9e par des \u0153uvres de J.M. Leclair donnant d\u2019embl\u00e9e le ton avec ses tr\u00e8s beaux dialogues, parfaitement [&hellip;]<\/p>\n","protected":false},"author":1,"featured_media":0,"parent":99,"menu_order":0,"comment_status":"closed","ping_status":"closed","template":"","meta":{"footnotes":""},"_links":{"self":[{"href":"http:\/\/www.le-masque.com\/wp2\/wp-json\/wp\/v2\/pages\/157"}],"collection":[{"href":"http:\/\/www.le-masque.com\/wp2\/wp-json\/wp\/v2\/pages"}],"about":[{"href":"http:\/\/www.le-masque.com\/wp2\/wp-json\/wp\/v2\/types\/page"}],"author":[{"embeddable":true,"href":"http:\/\/www.le-masque.com\/wp2\/wp-json\/wp\/v2\/users\/1"}],"replies":[{"embeddable":true,"href":"http:\/\/www.le-masque.com\/wp2\/wp-json\/wp\/v2\/comments?post=157"}],"version-history":[{"count":11,"href":"http:\/\/www.le-masque.com\/wp2\/wp-json\/wp\/v2\/pages\/157\/revisions"}],"predecessor-version":[{"id":1075,"href":"http:\/\/www.le-masque.com\/wp2\/wp-json\/wp\/v2\/pages\/157\/revisions\/1075"}],"up":[{"embeddable":true,"href":"http:\/\/www.le-masque.com\/wp2\/wp-json\/wp\/v2\/pages\/99"}],"wp:attachment":[{"href":"http:\/\/www.le-masque.com\/wp2\/wp-json\/wp\/v2\/media?parent=157"}],"curies":[{"name":"wp","href":"https:\/\/api.w.org\/{rel}","templated":true}]}}